 (base 6) in base 10?
-3387742
Convert -6a6551 (base 11) to base 13.
-303539
What is -84279 (base 10) in base 13?
-2c490
Convert 19476 (base 15) to base 2.
10100000001011011
Convert -18942 (base 16) to base 14.
-28990
Convert -1372105 (base 9) to base 4.
-2320211123
3765774 (base 8) to base 9
1860311
Convert 16582 (base 10) to base 9.
24664
Convert 407a (base 16) to base 3.
211122100
Convert 6161327 (base 9) to base 6.
154250254
Convert 1257a1 (base 12) to base 14.
7b4db
Convert -310532 (base 8) to base 9.
-165842
Convert -1473a3a (base 12) to base 10.
-4133134
What is -17d462 (base 15) in base 11?
-721539
Convert -5576a0 (base 11) to base 14.
-191ba5
437588 (base 11) to base 16
aa721
1111010011010110 (base 2) to base 15
13888
-4b2e7a (base 15) to base 8
-15577646
12420120 (base 5) to base 2
11110000100011000
What is 88441 (base 10) in base 16?
15979
What is -103141232 (base 5) in base 13?
-126a24
Convert 7707e3 (base 15) to base 4.
111220231230
Convert 49a30 (base 12) to base 14.
2860c
-13a8807 (base 11) to base 8
-11150313
What is -9871aa (base 12) in base 11?
-1401541
What is -26043a (base 15) in base 9?
-3378271
Convert -2553031 (base 6) to base 8.
-420113
356120 (base 12) to base 2
11010010001000101000
-10110110011110111001 (base 2) to base 10
-747449
Convert 2172752 (base 8) to base 14.
11401c
-11110010011101010001 (base 2) to base 7
-11304231
What is -822c5 (base 15) in base 11?
-261916
What is 311023121 (base 4) in base 9?
361708
1711702 (base 10) to base 4
12201321112
-1886a77 (base 12) to base 11
-2a00663
What is -496a318 (base 12) in base 6?
-1231014032
-1200022001 (base 3) to base 7
-165163
4bc844 (base 14) to base 8
11746454
What is 2437393 (base 11) in base 7?
51022344
What is 110225354 (base 6) in base 11?
1131877
Convert 10215 (base 12) to base 2.
101001000110001
-3b9c7 (base 13) to base 4
-123032232
Convert 279b21 (base 12) to base 13.
1a1526
Convert -12221012021110 (base 3) to base 11.
-1863a99
53142 (base 16) to base 15
6ac60
742ba9 (base 15) to base 11
3135999
What is 10636630 (base 7) in base 12?
3905a1
What is -56a23a (base 12) in base 13?
-396c40
Convert 942352 (base 14) to base 5.
2240001403
-3aba82 (base 13) to base 14
-2916a0
-400301032 (base 5) to base 6
-53405505
Convert -221abc (base 14) to base 10.
-1157350
What is 10021221210010 (base 3) in base 16?
1ab773
Convert 114505 (base 7) to base 10.
20830
Convert -128b65a (base 13) to base 11.
-3318013
What is -36765 (base 10) in base 15?
-ad60
-661523 (base 7) to base 2
-11100010010001101
10112321313 (base 4) to base 7
12465405
-31060 (base 13) to base 5
-10303313
Convert -2273511 (base 10) to base 13.
-617a96
10101010010111110 (base 2) to base 11
5a5a0
Convert -360882 (base 9) to base 5.
-23422420
Convert -41a73b (base 12) to base 5.
-231100044
33619 (base 12) to base 5
4141102
84608 (base 11) to base 16
1e132
What is -1a5989 (base 12) in base 11?
-299319
Convert -3a233 (base 15) to base 16.
-2d70b
-2436540 (base 7) to base 4
-1030023330
What is -75624 (base 10) in base 15?
-17619
Convert 45257 (base 16) to base 7.
2256503
28783 (base 9) to base 4
10302030
Convert 1202002111 (base 3) to base 5.
2044310
Convert -223448 (base 12) to base 15.
-ab702
963664 (base 12) to base 2
1001000010100111101100
What is 2245004 (base 6) in base 7?
656443
Convert 19460 (base 13) to base 12.
244a8
-5137363 (base 9) to base 10
-2741340
e943 (base 16) to base 9
100820
Convert 10011110111010000100000 (base 2) to base 9.
10715675
-2404022220 (base 5) to base 10
-5532810
What is -52f82 (base 16) in base 9?
-567152
What is -10001100100100101 (base 2) in base 5?
-4300343
-110101100101111 (base 2) to base 7
-142666
Convert 3755721 (base 8) to base 9.
1853602
What is 219749 (base 10) in base 12?
a7205
-1023003222 (base 4) to base 3
-120121201110
8095b (base 12) to base 14
44d4b
-34760 (base 14) to base 7
-1041150
What is 51430242 (base 6) in base 4?
11221223102
Convert 11001011100000110 (base 2) to base 15.
20d18
Convert -4331316 (base 7) to base 16.
-81153
110101010011111111101 (base 2) to base 12
702b65
Convert 11010110011001101 (base 2) to base 15.
227d3
What is -10223312 (base 4) in base 16?
-4af6
What is -232114030 (base 5) in base 11?
-658812
-153a2 (base 15) to base 7
-403130
Convert -a2919d (base 14) to base 8.
-24717247
-1034024 (base 8) to base 16
-43814
5542787 (base 9) to base 2
1011010111101110111110
-30000133 (base 5) to base 3
-102220120011
20100240 (base 5) to base 14
4216d
2986813 (base 10) to base 7
34246624
-136db (base 15) to base 9
-104418
Convert 770c9 (base 14) to base 15.
5a64c
Convert 292679 (base 11) to base 9.
766321
What is 1051414410 (base 6) in base 2?
101100000101101001000110
What is -2121120002 (base 3) in base 9?
-77502
331551325 (base 6) to base 4
112301301011
Convert -8c1d74 (base 15) to base 3.
-110120211110101
db771 (base 15) to base 6
22534311
-10013021002 (base 4) to base 13
-2b9789
Convert -2332320 (base 4) to base 5.
-342331
Convert -3942450 (base 11) to base 5.
-3221412112
1f366 (base 16) to base 13
46264
What is 5243564 (base 7) in base 3?
1012011000102
-7735401 (base 9) to base 16
-3f6e9b
-537561 (base 8) to base 12
-88269
1044262 (base 7) to base 15
28247
Convert 377103 (base 8) to base 7.
1052560
342452 (base 9) to base 10
205220
651122 (base 7) to base 15
23855
-424040 (base 5) to base 9
-21515
Convert -446154 (base 13) to base 11.
-a01825
What is -147323 (base 10) in base 2?
-100011111101111011
-2144133 (base 6) to base 12
-52049
Convert 14031302 (base 5) to base 8.
426556
What is -13404213 (base 5) in base 7?
-1113334
Convert -1e4ca (base 15) to base 16.
-18295
-10002220121 (base 3) to base 16
-eef3
What is -282048 (base 9) in base 11?
-108324
What is -1787c3 (base 16) in base 4?
-11320133003
Convert -112022100002 (base 3) to base 7.
-2252051
What is 1101010110101111 (base 2) in base 4?
31112233
-1011010011011010101 (base 2) to base 12
-15a419
What is -292b7 (base 14) in base 7?
-603420
102313131023 (base 4) to base 13
1042196
Convert 1011011001010100110 (base 2) to base 11.
235608
911273 (base 10) to base 12
37b435
Convert 33232300 (base 4) to base 10.
64432
Convert -22021211202 (base 4) to base 9.
-5004720
Convert -27b5b2 (base 16) to base 12.
-a56042
What is 81200 (base 12) in base 14?
45292
Convert 501534 (base 6) to base 5.
2224143
What is 54223333 (base 6) in base 8?
6077151
Convert -a3b611 (base 12) to base 7.
-30563626
2445151 (base 11) to base 4
100032100302
Convert -11bcae (base 16) to base 3.
-2012001112101
Convert 10010101001111000101111 (base 2) to base 11.
284005a
What is -100022122012 (base 3) in base 14?
-4abd1
Convert 1c7134c (base 14) to base 2.
110110011000011001111000
Convert 166262621 (base 7) to base 4.
223232011220
Convert 612044 (base 7) to base 15.
20c0b
What is 1111111011001000001 (base 2) in base 6?
15103413
Convert 56174257 (base 8) to base 2.
101110001111100010101111
What is b84734 (base 14) in base 9?
12653801
Convert 100101100100110011001 (base 2) to base 7.
13315446
1000001110000111000 (base 2) to base 13
957b8
10310110300 (base 4) to base 13
352a9b
72427 (base 11) to base 13
3912b
3466631 (base 8) to base 4
3212312121
What is 431434515 (base 6) in base 9?
15335402
103401 (base 7) to base 4
10121301
Convert 7a527 (base 12) to base 15.
3353d
Convert 2d26 (base 16) to base 5.
332213
What is -27225 (base 13) in base 12?
-36206
What is -699120 (base 10) in base 15?
-dc230
Convert 10012121 (base 3) to base 16.
922
-27560c (base 15) to base 7
-22035114
Convert -2c628a (base 13) to base 9.
-2054427
What is -103242221 (base 5) in base 10?
-446561
-102b7 (base 15) to base 10
-51247
Convert -30334403 (base 5) to base 16.
-3c1d4
Convert 265460 (base 7) to base 8.
141465
-10eb1 (base 16) to base 13
-25707
-29166 (base 10) to base 14
-a8b4
11000101101001110110101 (base 2) to base 13
1459ca8
What is -96a366 (base 12) in base 7?
-26146500
What is -768417 (base 12) in base 4?
-13023021103
1760c (base 15) to base 7
433305
What is 361134 (base 8) in base 3?
20021101111
-3e47e3 (base 15) to base 9
-5575166
360420 (base 7) to base 11
44955
What is -11252123 (base 6) in base 5?
-42132412
What is -2123332201 (base 4) in base 12?
-269881
What is 1000011100011111101 (base 2) in base 16?
438fd
What is -13665602 (base 7) in base 3?
-2102